ime factors of 1380?
2, 3, 5, 23
List the prime factors of 62.
2, 31
What are the prime factors of 1012?
2, 11, 23
List the prime factors of 8420.
2, 5, 421
List the prime factors of 3188.
2, 797
What are the prime factors of 10470?
2, 3, 5, 349
List the prime factors of 27150.
2, 3, 5, 181
What are the prime factors of 12413?
12413
What are the prime factors of 11254?
2, 17, 331
What are the prime factors of 816?
2, 3, 17
What are the prime factors of 4260?
2, 3, 5, 71
What are the prime factors of 9426?
2, 3, 1571
List the prime factors of 24670.
2, 5, 2467
List the prime factors of 987.
3, 7, 47
List the prime factors of 11461.
73, 157
What are the prime factors of 132266?
2, 41, 1613
List the prime factors of 53589.
3, 17863
What are the prime factors of 1942?
2, 971
What are the prime factors of 11024?
2, 13, 53
What are the prime factors of 5755?
5, 1151
List the prime factors of 7849.
47, 167
What are the prime factors of 6286?
2, 7, 449
What are the prime factors of 29642?
2, 14821
What are the prime factors of 8277?
3, 31, 89
What are the prime factors of 102483?
3, 59, 193
List the prime factors of 1143.
3, 127
What are the prime factors of 9825?
3, 5, 131
What are the prime factors of 6957?
3, 773
List the prime factors of 7817.
7817
List the prime factors of 5041.
71
List the prime factors of 753.
3, 251
What are the prime factors of 6530?
2, 5, 653
List the prime factors of 6977.
6977
What are the prime factors of 750?
2, 3, 5
What are the prime factors of 44654?
2, 83, 269
List the prime factors of 778.
2, 389
List the prime factors of 1335.
3, 5, 89
What are the prime factors of 28782?
2, 3, 13, 41
List the prime factors of 307.
307
What are the prime factors of 306?
2, 3, 17
List the prime factors of 7517.
7517
What are the prime factors of 645?
3, 5, 43
What are the prime factors of 9005?
5, 1801
What are the prime factors of 1827?
3, 7, 29
What are the prime factors of 1140?
2, 3, 5, 19
What are the prime factors of 758?
2, 379
What are the prime factors of 109152?
2, 3, 379
What are the prime factors of 4805?
5, 31
List the prime factors of 260.
2, 5, 13
List the prime factors of 1836.
2, 3, 17
List the prime factors of 29144.
2, 3643
What are the prime factors of 10562?
2, 5281
What are the prime factors of 1104?
2, 3, 23
List the prime factors of 49707.
3, 7, 263
List the prime factors of 1175.
5, 47
What are the prime factors of 2801?
2801
What are the prime factors of 7078?
2, 3539
List the prime factors of 40373.
47, 859
List the prime factors of 207364.
2, 47, 1103
What are the prime factors of 17498?
2, 13, 673
List the prime factors of 12541.
12541
What are the prime factors of 5112?
2, 3, 71
What are the prime factors of 2345?
5, 7, 67
List the prime factors of 27018.
2, 3, 19, 79
What are the prime factors of 10580?
2, 5, 23
List the prime factors of 1107.
3, 41
What are the prime factors of 5586?
2, 3, 7, 19
List the prime factors of 937.
937
List the prime factors of 14469.
3, 7, 13, 53
List the prime factors of 3110.
2, 5, 311
List the prime factors of 7296.
2, 3, 19
List the prime factors of 1767.
3, 19, 31
What are the prime factors of 6899?
6899
What are the prime factors of 1521?
3, 13
What are the prime factors of 32673?
3, 10891
List the prime factors of 1015.
5, 7, 29
List the prime factors of 11832.
2, 3, 17, 29
What are the prime factors of 9251?
11, 29
What are the prime factors of 746?
2, 373
What are the prime factors of 3751?
11, 31
List the prime factors of 8622.
2, 3, 479
What are the prime factors of 30377?
37, 821
List the prime factors of 5300.
2, 5, 53
List the prime factors of 142273.
17, 8369
List the prime factors of 333.
3, 37
What are the prime factors of 2476?
2, 619
What are the prime factors of 133?
7, 19
What are the prime factors of 3564?
2, 3, 11
What are the prime factors of 3667?
19, 193
List the prime factors of 27942.
2, 3, 4657
What are the prime factors of 22116?
2, 3, 19, 97
List the prime factors of 733.
733
What are the prime factors of 373?
373
List the prime factors of 2303.
7, 47
List the prime factors of 353.
353
List the prime factors of 706.
2, 353
What are the prime factors of 18169?
18169
What are the prime factors of 3738?
2, 3, 7, 89
What are the prime factors of 513?
3, 19
List the prime factors of 31999.
11, 2909
What are the prime factors of 2476?
2, 619
What are the prime factors of 990?
2, 3, 5, 11
List the prime factors of 1094.
2, 547
What are the prime factors of 1525?
5, 61
List the prime factors of 1841.
7, 263
What are the prime factors of 7802?
2, 47, 83
List the prime factors of 67339.
67339
What are the prime factors of 45654?
2, 3, 7, 1087
What are the prime factors of 8812?
2, 2203
List the prime factors of 9587.
9587
What are the prime factors of 1015?
5, 7, 29
What are the prime factors of 10137?
3, 31, 109
What are the prime factors of 14236?
2, 3559
What are the prime factors of 2305?
5, 461
What are the prime factors of 14271?
3, 67, 71
List the prime factors of 10.
2, 5
List the prime factors of 23515.
5, 4703
What are the prime factors of 13364?
2, 13, 257
List the prime factors of 1451.
1451
What are the prime factors of 29228?
2, 7307
What are the prime factors of 12772?
2, 31, 103
List the prime factors of 3594.
2, 3, 599
List the prime factors of 9850.
2, 5, 197
List the prime factors of 2707.
2707
What are the prime factors of 11562?
2, 3, 41, 47
List the prime factors of 1389.
3, 463
What are the prime factors of 8505?
3, 5, 7
List the prime factors of 347.
347
List the prime factors of 4184.
2, 523
What are the prime factors of 1914?
2, 3, 11, 29
What are the prime factors of 15845?
5, 3169
What are the prime factors of 1654?
2, 827
List the prime factors of 65425.
5, 2617
What are the prime factors of 104647?
227, 461
List the prime factors of 4282.
2, 2141
What are the prime factors of 33193?
19, 1747
What are the prime factors of 1519?
7, 31
What are the prime factors of 5733?
3, 7, 13
What are the prime factors of 18776?
2, 2347
What are the prime factors of 3508?
2, 877
What are the prime factors of 17738?
2, 7, 181
What are the prime factors of 63370?
2, 5, 6337
What are the prime factors of 3819?
3, 19, 67
List the prime factors of 1665.
3, 5, 37
List the prime factors of 5.
5
What are the prime factors of 8358?
2, 3, 7, 199
What are the prime factors of 22247?
22247
What are the prime factors of 5188?
2, 1297
List the prime factors of 18770.
2, 5, 1877
What are the prime factors of 8842?
2, 4421
List the prime factors of 5789.
7, 827
List the prime factors of 1303.
1303
What are the prime factors of 22984?
2, 13, 17
List the prime factors of 37860.
2, 3, 5, 631
What are the prime factors of 2917?
2917
List the prime factors of 15613.
13, 1201
What are the prime factors of 12421?
12421
What are the prime factors of 28897?
11, 37, 71
What are the prime factors of 32?
2
What are the prime factors of 303?
3, 101
What are the prime factors of 1511?
1511
List the prime factors of 19414.
2, 17, 571
What are the prime factors of 629?
17, 37
List the prime factors of 832.
2, 13
What are the prime factors of 49917?
3, 7, 2377
What are the prime factors of 330?
2, 3, 5, 11
List the prime factors of 882.
2, 3, 7
List the prime factors of 137324.
2, 11, 3121
List the prime factors of 159.
3, 53
List the prime factors of 13452.
2, 3, 19, 59
List the prime factors of 17243.
43, 401
What are the prime factors of 1407?
3, 7, 67
What are the prime factors of 5281?
5281
List the prime factors of 653.
653
List the prime factors of 4308.
2, 3, 359
List the prime factors of 1510.
2, 5, 151
What are the prime factors of 112696?
2, 14087
List the prime factors of 49965.
3, 5, 3331
List the prime factors of 1277.
1277
List the prime factors of 6329.
6329
List the prime factors of 4150.
2, 5, 83
What are the prime factors of 2470?
2, 5, 13, 19
List the prime factors of 2419.
41, 59
List the prime factors of 183.
3, 61
List the prime factors of 1259.
1259
What are the prime factors of 119133?
3, 7, 31, 61
List the prime factors of 22760.
2, 5, 569
List the prime factors of 21541.
13, 1657
What are the prime factors of 270?
2, 3, 5
What are the prime factors of 976?
2, 61
List the prime factors of 2201.
31, 71
List the prime factors of 2587.
13, 199